{"id":234,"date":"2021-01-22T21:01:00","date_gmt":"2021-01-22T21:01:00","guid":{"rendered":"https:\/\/dipthylom.com\/?page_id=234"},"modified":"2024-08-26T11:00:11","modified_gmt":"2024-08-26T11:00:11","slug":"articulos-promocionales","status":"publish","type":"page","link":"https:\/\/dipthylom.com\/","title":{"rendered":"#COMUNICAR hoy es m\u00e1s importante."},"content":{"rendered":"\t\t<div data-elementor-type=\"wp-page\" data-elementor-id=\"234\" class=\"elementor elementor-234\" data-elementor-post-type=\"page\">\n\t\t\t\t\t\t<section class=\"elementor-section elementor-top-section elementor-element elementor-element-183e96dc elementor-section-boxed elementor-section-height-default elementor-section-height-default\" data-id=\"183e96dc\" data-element_type=\"section\" data-e-type=\"section\">\n\t\t\t\t\t\t<div class=\"elementor-container elementor-column-gap-default\">\n\t\t\t\t\t<div class=\"elementor-column elementor-col-100 elementor-top-column elementor-element elementor-element-7bc63d6a\" data-id=\"7bc63d6a\" data-element_type=\"column\" data-e-type=\"column\">\n\t\t\t<div class=\"elementor-widget-wrap elementor-element-populated\">\n\t\t\t\t\t\t<div class=\"elementor-element elementor-element-3089165a elementor-widget__width-initial elementor-widget elementor-widget-text-editor\" data-id=\"3089165a\" data-element_type=\"widget\" data-e-type=\"widget\" data-widget_type=\"text-editor.default\">\n\t\t\t\t<div class=\"elementor-widget-container\">\n\t\t\t\t\t\t\t\t\t\n<figure class=\"wp-block-pullquote is-style-default\" style=\"border-color: #347793;\">Estamos preparados para cuidar, desarrollar tu marca y comunicaci\u00f3n cuando m\u00e1s lo necesitas.<\/figure>\n\t\t\t\t\t\t\t\t<\/div>\n\t\t\t\t<\/div>\n\t\t\t\t<div class=\"elementor-element elementor-element-9adef59 elementor-widget-divider--view-line elementor-widget elementor-widget-divider\" data-id=\"9adef59\" data-element_type=\"widget\" data-e-type=\"widget\" data-widget_type=\"divider.default\">\n\t\t\t\t<div class=\"elementor-widget-container\">\n\t\t\t\t\t\t\t<div class=\"elementor-divider\">\n\t\t\t<span class=\"elementor-divider-separator\">\n\t\t\t\t\t\t<\/span>\n\t\t<\/div>\n\t\t\t\t\t\t<\/div>\n\t\t\t\t<\/div>\n\t\t\t\t\t<\/div>\n\t\t<\/div>\n\t\t\t\t\t<\/div>\n\t\t<\/section>\n\t\t\t\t<section class=\"elementor-section elementor-top-section elementor-element elementor-element-4ef4a2d elementor-section-boxed elementor-section-height-default elementor-section-height-default\" data-id=\"4ef4a2d\" data-element_type=\"section\" data-e-type=\"section\">\n\t\t\t\t\t\t<div class=\"elementor-container elementor-column-gap-default\">\n\t\t\t\t\t<div class=\"elementor-column elementor-col-100 elementor-top-column elementor-element elementor-element-02a7bc2\" data-id=\"02a7bc2\" data-element_type=\"column\" data-e-type=\"column\">\n\t\t\t<div class=\"elementor-widget-wrap elementor-element-populated\">\n\t\t\t\t\t\t<div class=\"elementor-element elementor-element-2b3a12c elementor-widget elementor-widget-text-editor\" data-id=\"2b3a12c\" data-element_type=\"widget\" data-e-type=\"widget\" data-widget_type=\"text-editor.default\">\n\t\t\t\t<div class=\"elementor-widget-container\">\n\t\t\t\t\t\t\t\t\t<header class=\"entry-content-header\">\n<h3 class=\"post-title entry-title \">Adhesi\u00f3n al manifiesto ALTO Y CLARO por las empresas libres de acoso hacia las mujeres<\/h3>\n<div>\u00a0<\/div>\n<div>\u00a0<\/div>\n<p><span class=\"post-meta-infos\"><time class=\"date-container minor-meta updated\">26 Enero 2021<\/time><\/span><\/p>\n<\/header>\n<div class=\"entry-content\">\n<p>Nuestra agencia se ha suscrito al Manifiesto impulsado por el Instituto Andaluz de la Mujer contra el acoso sexual y el acoso por raz\u00f3n de sexo o acoso sexista que sufren las mujeres en las empresas y el mercado laboral.<\/p>\n<p>Somos conscientes de la importancia de este tipo de pr\u00e1cticas en el d\u00eda a d\u00eda, por ello nos unimos para evitar totalmente esta casu\u00edstica e intentar generar un entorno libre de acoso en este \u00e1mbito.<br \/>Como se\u00f1ala el escrito al que nos suscribimos, el acoso sexual y el acoso por raz\u00f3n de sexo o acoso sexista, son formas de violencia contra las mujeres que no solo atentan contra la libertad sexual sino que tambi\u00e9n lesionan el derecho fundamental a la integridad y constituyen un atentado contra la dignidad y desarrollo de la personalidad.<\/p>\n<p>En definitiva, somos consecuentes con el problema, mediante la firma del manifiesto nos comprometemos a aportar nuestro granito en esta lucha y acabar con estas pr\u00e1cticas. Iniciaremos una nueva ruta en la promoci\u00f3n efectiva de la igualdad entre mujeres y hombres en la entidad, para as\u00ed mejorar nuestra responsabilidad social, nuestro clima laboral y nuestra competitividad.<\/p>\n<p>\u00a0<\/p>\n<\/div>\t\t\t\t\t\t\t\t<\/div>\n\t\t\t\t<\/div>\n\t\t\t\t<div class=\"elementor-element elementor-element-0a15934 elementor-button-info elementor-align-center elementor-widget elementor-widget-button\" data-id=\"0a15934\" data-element_type=\"widget\" data-e-type=\"widget\" id=\"my_id firma\" data-widget_type=\"button.default\">\n\t\t\t\t<div class=\"elementor-widget-container\">\n\t\t\t\t\t\t\t\t\t<div class=\"elementor-button-wrapper\">\n\t\t\t\t\t<a class=\"elementor-button elementor-button-link elementor-size-sm\" href=\"#manifiesto\" target=\"_blank\">\n\t\t\t\t\t\t<span class=\"elementor-button-content-wrapper\">\n\t\t\t\t\t\t\t\t\t<span class=\"elementor-button-text\">Manifiesto<\/span>\n\t\t\t\t\t<\/span>\n\t\t\t\t\t<\/a>\n\t\t\t\t<\/div>\n\t\t\t\t\t\t\t\t<\/div>\n\t\t\t\t<\/div>\n\t\t\t\t<div class=\"elementor-element elementor-element-fe37161 elementor-widget elementor-widget-spacer\" data-id=\"fe37161\" data-element_type=\"widget\" data-e-type=\"widget\" data-widget_type=\"spacer.default\">\n\t\t\t\t<div class=\"elementor-widget-container\">\n\t\t\t\t\t\t\t<div class=\"elementor-spacer\">\n\t\t\t<div class=\"elementor-spacer-inner\"><\/div>\n\t\t<\/div>\n\t\t\t\t\t\t<\/div>\n\t\t\t\t<\/div>\n\t\t\t\t\t<\/div>\n\t\t<\/div>\n\t\t\t\t\t<\/div>\n\t\t<\/section>\n\t\t\t\t<section class=\"elementor-section elementor-top-section elementor-element elementor-element-a956b89 elementor-section-boxed elementor-section-height-default elementor-section-height-default\" data-id=\"a956b89\" data-element_type=\"section\" data-e-type=\"section\">\n\t\t\t\t\t\t<div class=\"elementor-container elementor-column-gap-default\">\n\t\t\t\t\t<div class=\"elementor-column elementor-col-100 elementor-top-column elementor-element elementor-element-08f8dab\" data-id=\"08f8dab\" data-element_type=\"column\" data-e-type=\"column\">\n\t\t\t<div class=\"elementor-widget-wrap elementor-element-populated\">\n\t\t\t\t\t\t<div class=\"elementor-element elementor-element-5f4ad9f elementor-widget__width-initial elementor-widget elementor-widget-text-editor\" data-id=\"5f4ad9f\" data-element_type=\"widget\" data-e-type=\"widget\" data-widget_type=\"text-editor.default\">\n\t\t\t\t<div class=\"elementor-widget-container\">\n\t\t\t\t\t\t\t\t\t<p>Estamos encantados de anunciar que <strong>Dipthylom Imagen Digital<\/strong> ha sido certificada en gesti\u00f3n de calidad y medio ambiente bajo las normas <strong>ISO 9001:2015 e ISO 14001:2015,<\/strong> respectivamente.<\/p>\n<p><a href=\"https:\/\/dipthylom.com\/index.php\/certificado-en-calidad-y-medio-ambiente\/\" target=\"_blank\" rel=\"noopener\"><img decoding=\"async\" class=\"aligncenter\" src=\"https:\/\/dipthylom.com\/wp-content\/uploads\/2023\/11\/SelloAENORISO9001_POS-300x254.jpg\" alt=\"\" width=\"80\" height=\"68\" \/><\/a><\/p>\n<p><a href=\"https:\/\/dipthylom.com\/index.php\/certificado-en-calidad-y-medio-ambiente\/\" target=\"_blank\" rel=\"noopener\"><img decoding=\"async\" class=\"aligncenter\" src=\"https:\/\/dipthylom.com\/wp-content\/uploads\/2023\/11\/aenor-gestion-ambiental-300x254.jpg\" alt=\"SELLO AENOR GESTI\u00d3N AMBIENTAL\" width=\"83\" height=\"71\" \/><\/a>Nuestro centro de educaci\u00f3n privada ha pasado con \u00e9xito por el <strong>proceso de acreditaci\u00f3n con AENOR<\/strong> , con el asesoramiento de<strong>\u00a0Pablo Orozco en la implementaci\u00f3n de este sistema integrado con su empresa INTEGRA. Consiguiendo la certificaci\u00f3n en formaci\u00f3n con el alcance en las siguientes actividades;\u00a0<em><span style=\"color: var( --e-global-color-text ); font-family: var( --e-global-typography-text-font-family ), Sans-serif; letter-spacing: 0px;\">La gesti\u00f3n del dise\u00f1o e impartici\u00f3n de formaci\u00f3n privada en las modalidades presencial, mixta, teleformaci\u00f3n y mediante aula virtual en las familias profesionales de: Administraci\u00f3n y gesti\u00f3n, Artes gr\u00e1ficas, Inform\u00e1tica y comunicaciones e Imagen y sonido.<\/span><\/em><\/strong><\/p>\n<p>Estas certificaciones son un testimonio de nuestro compromiso con la calidad y la sostenibilidad, reconociendo nuestros m\u00e1s de diez a\u00f1os de experiencia como proveedor de formaci\u00f3n y nuestra b\u00fasqueda incansable de una educaci\u00f3n de primera categor\u00eda.<\/p>\n<p>Estamos orgullosos de ofrecer otro servicio a nuestros valiosos clientes, y esperamos seguir superando sus expectativas a trav\u00e9s de nuestras pr\u00e1cticas certificadas en gesti\u00f3n de calidad y medio ambiente.\u00a0<\/p>\t\t\t\t\t\t\t\t<\/div>\n\t\t\t\t<\/div>\n\t\t\t\t\t<\/div>\n\t\t<\/div>\n\t\t\t\t\t<\/div>\n\t\t<\/section>\n\t\t\t\t<\/div>\n\t\t","protected":false},"excerpt":{"rendered":"<p>Estamos preparados para cuidar, desarrollar tu marca y comunicaci\u00f3n cuando m\u00e1s lo necesitas. Adhesi\u00f3n al manifiesto ALTO Y CLARO por las empresas libres de acoso hacia las mujeres \u00a0 \u00a0 26 Enero 2021 Nuestra agencia se ha suscrito al Manifiesto impulsado por el Instituto Andaluz de la Mujer contra el acoso sexual y el acoso por raz\u00f3n de sexo o acoso sexista que sufren las mujeres en las empresas y el mercado laboral. Somos conscientes de la importancia de este tipo de pr\u00e1cticas en el d\u00eda a d\u00eda, por ello nos unimos para evitar totalmente esta casu\u00edstica e intentar generar un entorno libre de acoso en este \u00e1mbito.Como se\u00f1ala el escrito al que nos suscribimos, el acoso sexual y el acoso por raz\u00f3n de sexo o acoso sexista, son formas de violencia contra las mujeres que no solo atentan contra la libertad sexual sino que tambi\u00e9n lesionan el derecho fundamental a la integridad y constituyen un atentado contra la dignidad y desarrollo de la personalidad. En definitiva, somos consecuentes con el problema, mediante la firma del manifiesto nos comprometemos a aportar nuestro granito en esta lucha y acabar con estas pr\u00e1cticas. Iniciaremos una nueva ruta en la promoci\u00f3n efectiva de la igualdad entre mujeres y hombres en la entidad, para as\u00ed mejorar nuestra responsabilidad social, nuestro clima laboral y nuestra competitividad. \u00a0 Manifiesto Estamos encantados de anunciar que Dipthylom Imagen Digital ha sido certificada en gesti\u00f3n de calidad y medio ambiente bajo las normas ISO 9001:2015 e ISO 14001:2015, respectivamente. Nuestro centro de educaci\u00f3n privada ha pasado con \u00e9xito por el proceso de acreditaci\u00f3n con AENOR , con el asesoramiento de\u00a0Pablo Orozco en la implementaci\u00f3n de este sistema integrado con su empresa INTEGRA. Consiguiendo la certificaci\u00f3n en formaci\u00f3n con el alcance en las siguientes actividades;\u00a0La gesti\u00f3n del dise\u00f1o e impartici\u00f3n de formaci\u00f3n privada en las modalidades presencial, mixta, teleformaci\u00f3n y mediante aula virtual en las familias profesionales de: Administraci\u00f3n y gesti\u00f3n, Artes gr\u00e1ficas, Inform\u00e1tica y comunicaciones e Imagen y sonido. Estas certificaciones son un testimonio de nuestro compromiso con la calidad y la sostenibilidad, reconociendo nuestros m\u00e1s de diez a\u00f1os de experiencia como proveedor de formaci\u00f3n y nuestra b\u00fasqueda incansable de una educaci\u00f3n de primera categor\u00eda. Estamos orgullosos de ofrecer otro servicio a nuestros valiosos clientes, y esperamos seguir superando sus expectativas a trav\u00e9s de nuestras pr\u00e1cticas certificadas en gesti\u00f3n de calidad y medio ambiente.\u00a0<\/p>\n","protected":false},"author":2,"featured_media":0,"parent":0,"menu_order":0,"comment_status":"closed","ping_status":"closed","template":"elementor_header_footer","meta":{"footnotes":""},"class_list":["post-234","page","type-page","status-publish","hentry"],"_links":{"self":[{"href":"https:\/\/dipthylom.com\/index.php\/wp-json\/wp\/v2\/pages\/234","targetHints":{"allow":["GET"]}}],"collection":[{"href":"https:\/\/dipthylom.com\/index.php\/wp-json\/wp\/v2\/pages"}],"about":[{"href":"https:\/\/dipthylom.com\/index.php\/wp-json\/wp\/v2\/types\/page"}],"author":[{"embeddable":true,"href":"https:\/\/dipthylom.com\/index.php\/wp-json\/wp\/v2\/users\/2"}],"replies":[{"embeddable":true,"href":"https:\/\/dipthylom.com\/index.php\/wp-json\/wp\/v2\/comments?post=234"}],"version-history":[{"count":43,"href":"https:\/\/dipthylom.com\/index.php\/wp-json\/wp\/v2\/pages\/234\/revisions"}],"predecessor-version":[{"id":1036,"href":"https:\/\/dipthylom.com\/index.php\/wp-json\/wp\/v2\/pages\/234\/revisions\/1036"}],"wp:attachment":[{"href":"https:\/\/dipthylom.com\/index.php\/wp-json\/wp\/v2\/media?parent=234"}],"curies":[{"name":"wp","href":"https:\/\/api.w.org\/{rel}","templated":true}]}}