{"id":235,"date":"2021-01-22T21:01:01","date_gmt":"2021-01-22T21:01:01","guid":{"rendered":"https:\/\/dipthylom.com\/?page_id=235"},"modified":"2024-12-31T15:52:37","modified_gmt":"2024-12-31T15:52:37","slug":"formacion","status":"publish","type":"page","link":"https:\/\/dipthylom.com\/index.php\/formacion\/","title":{"rendered":"Formaci\u00f3n"},"content":{"rendered":"\t\t<div data-elementor-type=\"wp-page\" data-elementor-id=\"235\" class=\"elementor elementor-235\" data-elementor-post-type=\"page\">\n\t\t\t\t\t\t<section class=\"elementor-section elementor-top-section elementor-element elementor-element-5fa6b96 elementor-section-boxed elementor-section-height-default elementor-section-height-default\" data-id=\"5fa6b96\" data-element_type=\"section\" data-e-type=\"section\">\n\t\t\t\t\t\t<div class=\"elementor-container elementor-column-gap-default\">\n\t\t\t\t\t<div class=\"elementor-column elementor-col-100 elementor-top-column elementor-element elementor-element-1032031\" data-id=\"1032031\" data-element_type=\"column\" data-e-type=\"column\">\n\t\t\t<div class=\"elementor-widget-wrap elementor-element-populated\">\n\t\t\t\t\t\t<div class=\"elementor-element elementor-element-a5420dd elementor-widget elementor-widget-spacer\" data-id=\"a5420dd\" data-element_type=\"widget\" data-e-type=\"widget\" data-widget_type=\"spacer.default\">\n\t\t\t\t<div class=\"elementor-widget-container\">\n\t\t\t\t\t\t\t<div class=\"elementor-spacer\">\n\t\t\t<div class=\"elementor-spacer-inner\"><\/div>\n\t\t<\/div>\n\t\t\t\t\t\t<\/div>\n\t\t\t\t<\/div>\n\t\t\t\t<div class=\"elementor-element elementor-element-3dc1834 elementor-gallery--filter-align-center elementor-widget elementor-widget-gallery\" data-id=\"3dc1834\" data-element_type=\"widget\" data-e-type=\"widget\" data-settings=\"{&quot;columns&quot;:3,&quot;gap&quot;:{&quot;unit&quot;:&quot;px&quot;,&quot;size&quot;:14,&quot;sizes&quot;:[]},&quot;aspect_ratio&quot;:&quot;9:16&quot;,&quot;overlay_title&quot;:&quot;title&quot;,&quot;lazyload&quot;:&quot;yes&quot;,&quot;gallery_layout&quot;:&quot;grid&quot;,&quot;columns_tablet&quot;:2,&quot;columns_mobile&quot;:1,&quot;gap_tablet&quot;:{&quot;unit&quot;:&quot;px&quot;,&quot;size&quot;:10,&quot;sizes&quot;:[]},&quot;gap_mobile&quot;:{&quot;unit&quot;:&quot;px&quot;,&quot;size&quot;:10,&quot;sizes&quot;:[]},&quot;link_to&quot;:&quot;file&quot;,&quot;overlay_background&quot;:&quot;yes&quot;,&quot;content_hover_animation&quot;:&quot;fade-in&quot;}\" data-widget_type=\"gallery.default\">\n\t\t\t\t<div class=\"elementor-widget-container\">\n\t\t\t\t\t\t\t\t<div class=\"elementor-gallery__titles-container e--pointer-background e--animation-fade\" aria-label=\"Filtro de galer\u00eda\">\n\t\t\t\t\n\t\t\t\t\t\t\t\t\t<a class=\"elementor-item elementor-gallery-title\" role=\"button\" tabindex=\"0\" data-gallery-index=\"0\">\n\t\t\t\t\t\t\t\t\t\t\t<\/a>\n\t\t\t\t\t\t\t\t<\/div>\n\t\t\t\t\t<div class=\"elementor-gallery__container\">\n\t\t\t\t\t\t\t<a class=\"e-gallery-item elementor-gallery-item elementor-animated-content\" data-e-gallery-tags=\"0\" href=\"https:\/\/dipthylom.com\/wp-content\/uploads\/2024\/12\/IMAGEN-WEB.png\" data-elementor-open-lightbox=\"yes\" data-elementor-lightbox-slideshow=\"3dc1834\" data-elementor-lightbox-title=\"IMAGEN WEB\" data-e-action-hash=\"#elementor-action%3Aaction%3Dlightbox%26settings%3DeyJpZCI6MTA1MCwidXJsIjoiaHR0cHM6XC9cL2RpcHRoeWxvbS5jb21cL3dwLWNvbnRlbnRcL3VwbG9hZHNcLzIwMjRcLzEyXC9JTUFHRU4tV0VCLnBuZyIsInNsaWRlc2hvdyI6IjNkYzE4MzQifQ%3D%3D\">\n\t\t\t\t\t<div class=\"e-gallery-image elementor-gallery-item__image\" data-thumbnail=\"https:\/\/dipthylom.com\/wp-content\/uploads\/2024\/12\/IMAGEN-WEB.png\" data-width=\"598\" data-height=\"1080\" aria-label=\"PR\u00d3XIMO INICIO 2025 CERTIFICADO PROFESIONALIDAD\" role=\"img\" ><\/div>\n\t\t\t\t\t\t\t\t\t\t\t<div class=\"elementor-gallery-item__overlay\"><\/div>\n\t\t\t\t\t\t\t\t\t\t\t\t\t\t\t<div class=\"elementor-gallery-item__content\">\n\t\t\t\t\t\t\t\t\t\t\t\t\t\t<div class=\"elementor-gallery-item__title\">\n\t\t\t\t\t\t\t\t\t\t\t\t\t\t\t\t\t\tIMAGEN WEB\t\t\t\t\t\t\t\t<\/div>\n\t\t\t\t\t\t\t\t\t\t\t\t<\/div>\n\t\t\t\t\t\t\t\t\t<\/a>\n\t\t\t\t\t\t\t<a class=\"e-gallery-item elementor-gallery-item elementor-animated-content\" data-e-gallery-tags=\"0\" href=\"https:\/\/dipthylom.com\/wp-content\/uploads\/2024\/12\/IMAGEN-MULTIMEDIA.png\" data-elementor-open-lightbox=\"yes\" data-elementor-lightbox-slideshow=\"3dc1834\" data-elementor-lightbox-title=\"IMAGEN MULTIMEDIA\" data-e-action-hash=\"#elementor-action%3Aaction%3Dlightbox%26settings%3DeyJpZCI6MTA0OSwidXJsIjoiaHR0cHM6XC9cL2RpcHRoeWxvbS5jb21cL3dwLWNvbnRlbnRcL3VwbG9hZHNcLzIwMjRcLzEyXC9JTUFHRU4tTVVMVElNRURJQS5wbmciLCJzbGlkZXNob3ciOiIzZGMxODM0In0%3D\">\n\t\t\t\t\t<div class=\"e-gallery-image elementor-gallery-item__image\" data-thumbnail=\"https:\/\/dipthylom.com\/wp-content\/uploads\/2024\/12\/IMAGEN-MULTIMEDIA.png\" data-width=\"601\" data-height=\"1067\" aria-label=\"PR\u00d3XIMO INICIO 2025 CERTIFICADO PROFESIONALIDAD\" role=\"img\" ><\/div>\n\t\t\t\t\t\t\t\t\t\t\t<div class=\"elementor-gallery-item__overlay\"><\/div>\n\t\t\t\t\t\t\t\t\t\t\t\t\t\t\t<div class=\"elementor-gallery-item__content\">\n\t\t\t\t\t\t\t\t\t\t\t\t\t\t<div class=\"elementor-gallery-item__title\">\n\t\t\t\t\t\t\t\t\t\t\t\t\t\t\t\t\t\tIMAGEN MULTIMEDIA\t\t\t\t\t\t\t\t<\/div>\n\t\t\t\t\t\t\t\t\t\t\t\t<\/div>\n\t\t\t\t\t\t\t\t\t<\/a>\n\t\t\t\t\t\t\t<a class=\"e-gallery-item elementor-gallery-item elementor-animated-content\" data-e-gallery-tags=\"0\" href=\"https:\/\/dipthylom.com\/wp-content\/uploads\/2024\/12\/IMAGEN-ELECTRICIDAD.png\" data-elementor-open-lightbox=\"yes\" data-elementor-lightbox-slideshow=\"3dc1834\" data-elementor-lightbox-title=\"IMAGEN ELECTRICIDAD\" data-e-action-hash=\"#elementor-action%3Aaction%3Dlightbox%26settings%3DeyJpZCI6MTA0OCwidXJsIjoiaHR0cHM6XC9cL2RpcHRoeWxvbS5jb21cL3dwLWNvbnRlbnRcL3VwbG9hZHNcLzIwMjRcLzEyXC9JTUFHRU4tRUxFQ1RSSUNJREFELnBuZyIsInNsaWRlc2hvdyI6IjNkYzE4MzQifQ%3D%3D\">\n\t\t\t\t\t<div class=\"e-gallery-image elementor-gallery-item__image\" data-thumbnail=\"https:\/\/dipthylom.com\/wp-content\/uploads\/2024\/12\/IMAGEN-ELECTRICIDAD.png\" data-width=\"592\" data-height=\"1070\" aria-label=\"PR\u00d3XIMO INICIO 2025 CERTIFICADO PROFESIONALIDAD\" role=\"img\" ><\/div>\n\t\t\t\t\t\t\t\t\t\t\t<div class=\"elementor-gallery-item__overlay\"><\/div>\n\t\t\t\t\t\t\t\t\t\t\t\t\t\t\t<div class=\"elementor-gallery-item__content\">\n\t\t\t\t\t\t\t\t\t\t\t\t\t\t<div class=\"elementor-gallery-item__title\">\n\t\t\t\t\t\t\t\t\t\t\t\t\t\t\t\t\t\tIMAGEN ELECTRICIDAD\t\t\t\t\t\t\t\t<\/div>\n\t\t\t\t\t\t\t\t\t\t\t\t<\/div>\n\t\t\t\t\t\t\t\t\t<\/a>\n\t\t\t\t\t\t\t<a class=\"e-gallery-item elementor-gallery-item elementor-animated-content\" data-e-gallery-tags=\"0\" href=\"https:\/\/dipthylom.com\/wp-content\/uploads\/2024\/12\/IMAGEN-DOCENCIA.png\" data-elementor-open-lightbox=\"yes\" data-elementor-lightbox-slideshow=\"3dc1834\" data-elementor-lightbox-title=\"IMAGEN DOCENCIA\" data-e-action-hash=\"#elementor-action%3Aaction%3Dlightbox%26settings%3DeyJpZCI6MTA0NywidXJsIjoiaHR0cHM6XC9cL2RpcHRoeWxvbS5jb21cL3dwLWNvbnRlbnRcL3VwbG9hZHNcLzIwMjRcLzEyXC9JTUFHRU4tRE9DRU5DSUEucG5nIiwic2xpZGVzaG93IjoiM2RjMTgzNCJ9\">\n\t\t\t\t\t<div class=\"e-gallery-image elementor-gallery-item__image\" data-thumbnail=\"https:\/\/dipthylom.com\/wp-content\/uploads\/2024\/12\/IMAGEN-DOCENCIA.png\" data-width=\"602\" data-height=\"1068\" aria-label=\"PR\u00d3XIMO INICIO 2025 CERTIFICADO PROFESIONALIDAD\" role=\"img\" ><\/div>\n\t\t\t\t\t\t\t\t\t\t\t<div class=\"elementor-gallery-item__overlay\"><\/div>\n\t\t\t\t\t\t\t\t\t\t\t\t\t\t\t<div class=\"elementor-gallery-item__content\">\n\t\t\t\t\t\t\t\t\t\t\t\t\t\t<div class=\"elementor-gallery-item__title\">\n\t\t\t\t\t\t\t\t\t\t\t\t\t\t\t\t\t\tIMAGEN DOCENCIA\t\t\t\t\t\t\t\t<\/div>\n\t\t\t\t\t\t\t\t\t\t\t\t<\/div>\n\t\t\t\t\t\t\t\t\t<\/a>\n\t\t\t\t\t<\/div>\n\t\t\t\t\t<\/div>\n\t\t\t\t<\/div>\n\t\t\t\t<div class=\"elementor-element elementor-element-c7d372c elementor-widget-divider--view-line_icon elementor-view-default elementor-widget-divider--element-align-center elementor-widget elementor-widget-divider\" data-id=\"c7d372c\" data-element_type=\"widget\" data-e-type=\"widget\" data-widget_type=\"divider.default\">\n\t\t\t\t<div class=\"elementor-widget-container\">\n\t\t\t\t\t\t\t<div class=\"elementor-divider\">\n\t\t\t<span class=\"elementor-divider-separator\">\n\t\t\t\t\t\t\t<div class=\"elementor-icon elementor-divider__element\">\n\t\t\t\t\t<i aria-hidden=\"true\" class=\"fas fa-star\"><\/i><\/div>\n\t\t\t\t\t\t<\/span>\n\t\t<\/div>\n\t\t\t\t\t\t<\/div>\n\t\t\t\t<\/div>\n\t\t\t\t\t<\/div>\n\t\t<\/div>\n\t\t\t\t\t<\/div>\n\t\t<\/section>\n\t\t\t\t<section class=\"elementor-section elementor-top-section elementor-element elementor-element-961d4de elementor-section-boxed elementor-section-height-default elementor-section-height-default\" data-id=\"961d4de\" data-element_type=\"section\" data-e-type=\"section\">\n\t\t\t\t\t\t<div class=\"elementor-container elementor-column-gap-default\">\n\t\t\t\t\t<div class=\"elementor-column elementor-col-100 elementor-top-column elementor-element elementor-element-8a2f9bb\" data-id=\"8a2f9bb\" data-element_type=\"column\" data-e-type=\"column\">\n\t\t\t<div class=\"elementor-widget-wrap elementor-element-populated\">\n\t\t\t\t\t\t<div class=\"elementor-element elementor-element-5e3ae18 elementor-widget elementor-widget-text-editor\" data-id=\"5e3ae18\" data-element_type=\"widget\" data-e-type=\"widget\" data-widget_type=\"text-editor.default\">\n\t\t\t\t<div class=\"elementor-widget-container\">\n\t\t\t\t\t\t\t\t\t<p align=\"justify\"><span style=\"color: #666666;\"><span style=\"font-family: Verdana, sans-serif;\"><span style=\"font-size: small;\"><span style=\"color: #000000;\">Nuestro centro de formaci\u00f3n\u00a0 esta acreditado\u00a0 por <\/span><strong><span style=\"color: #000000;\">AENOR<\/span><\/strong><span style=\"color: #000000;\"> en <\/span><span style=\"color: #000000;\"><b>calidad y gesti\u00f3n ambiental<\/b><\/span> <span style=\"color: #000000;\"><b>bajo las normas ISO 9001:2015 e ISO 14001:2015<\/b><\/span><span style=\"color: #000000;\">, para el alcance en la gesti\u00f3n del dise\u00f1o e impartici\u00f3n de formaci\u00f3n privada en las modalidades presencial, mixta y teleformaci\u00f3n y mediante aula virtual en las familias profesionales de: Administraci\u00f3n y gesti\u00f3n, Artes gr\u00e1ficas, Inform\u00e1tica y comunicaciones e Imagen y sonido.<\/span><\/span><\/span><\/span><\/p><p align=\"justify\"><span style=\"font-size: small;\"><span style=\"color: #000000;\"><span style=\"font-family: Verdana, sans-serif;\">Resaltando<\/span><\/span> <span style=\"color: #000000;\"><span style=\"font-family: Verdana, sans-serif;\">con estas<\/span><\/span> <span style=\"color: #000000;\"><span style=\"font-family: Verdana, sans-serif;\">certificaciones<\/span><\/span> <span style=\"color: #000000;\"><span style=\"font-family: Verdana, sans-serif;\">el compromiso de esta entidad con la <strong>calidad y con la sostenibilidad. <\/strong><\/span><\/span><\/span><span style=\"font-size: small;\"><span style=\"color: #000000;\"><span style=\"font-family: Verdana, sans-serif;\">Estas certificaciones, llegan<\/span><\/span> <span style=\"color: #000000;\"><span style=\"font-family: Verdana, sans-serif;\">tras m\u00e1s de 10 a\u00f1os como entidad proveedora de formaci\u00f3n, reconociendo<\/span><\/span> <span style=\"color: #000000;\"><span style=\"font-family: Verdana, sans-serif;\">el trabajo y esfuerzo por una formaci\u00f3n de calidad.<\/span><\/span><\/span><\/p><p><img decoding=\"async\" class=\"wp-image-383 aligncenter\" src=\"https:\/\/dipthylom.com\/wp-content\/uploads\/2021\/01\/logo-calidad-juntos-300x276.jpg\" alt=\"\" width=\"181\" height=\"167\" srcset=\"https:\/\/dipthylom.com\/wp-content\/uploads\/2021\/01\/logo-calidad-juntos-300x276.jpg 300w, https:\/\/dipthylom.com\/wp-content\/uploads\/2021\/01\/logo-calidad-juntos.jpg 725w\" sizes=\"(max-width: 181px) 100vw, 181px\" \/><\/p>\t\t\t\t\t\t\t\t<\/div>\n\t\t\t\t<\/div>\n\t\t\t\t\t<\/div>\n\t\t<\/div>\n\t\t\t\t\t<\/div>\n\t\t<\/section>\n\t\t\t\t<section class=\"elementor-section elementor-top-section elementor-element elementor-element-99a1c95 elementor-section-boxed elementor-section-height-default elementor-section-height-default\" data-id=\"99a1c95\" data-element_type=\"section\" data-e-type=\"section\">\n\t\t\t\t\t\t<div class=\"elementor-container elementor-column-gap-default\">\n\t\t\t\t\t<div class=\"elementor-column elementor-col-100 elementor-top-column elementor-element elementor-element-03dedc7\" data-id=\"03dedc7\" data-element_type=\"column\" data-e-type=\"column\">\n\t\t\t<div class=\"elementor-widget-wrap elementor-element-populated\">\n\t\t\t\t\t\t<div class=\"elementor-element elementor-element-0c66637 elementor-skin-coverflow elementor-arrows-yes elementor-pagination-type-bullets elementor-pagination-position-outside elementor-widget elementor-widget-media-carousel\" data-id=\"0c66637\" data-element_type=\"widget\" data-e-type=\"widget\" data-settings=\"{&quot;skin&quot;:&quot;coverflow&quot;,&quot;show_arrows&quot;:&quot;yes&quot;,&quot;pagination&quot;:&quot;bullets&quot;,&quot;speed&quot;:500,&quot;autoplay&quot;:&quot;yes&quot;,&quot;autoplay_speed&quot;:5000,&quot;loop&quot;:&quot;yes&quot;,&quot;pause_on_hover&quot;:&quot;yes&quot;,&quot;pause_on_interaction&quot;:&quot;yes&quot;,&quot;space_between&quot;:{&quot;unit&quot;:&quot;px&quot;,&quot;size&quot;:10,&quot;sizes&quot;:[]},&quot;space_between_tablet&quot;:{&quot;unit&quot;:&quot;px&quot;,&quot;size&quot;:10,&quot;sizes&quot;:[]},&quot;space_between_mobile&quot;:{&quot;unit&quot;:&quot;px&quot;,&quot;size&quot;:10,&quot;sizes&quot;:[]}}\" data-widget_type=\"media-carousel.default\">\n\t\t\t\t<div class=\"elementor-widget-container\">\n\t\t\t\t\t\t\t<div class=\"elementor-swiper\">\n\t\t\t<div class=\"elementor-main-swiper swiper-container\">\n\t\t\t\t<div class=\"swiper-wrapper\">\n\t\t\t\t\t\t\t\t\t\t\t<div class=\"swiper-slide\">\n\t\t\t\t\t\t\t\t\t<div class=\"elementor-carousel-image\" role=\"img\" aria-label=\"Formaci\u00f3n privada\" style=\"background-image: url(&#039;https:\/\/dipthylom.com\/wp-content\/uploads\/2021\/01\/formacion-privada-1.gif&#039;)\">\n\n\t\t\t\n\t\t\t\t\t<\/div>\n\t\t\t\t\t<div class=\"elementor-carousel-image-overlay e-overlay-animation-fade\">\n\t\t\t\tFormaci\u00f3n privada con descuento del 40%\t\t\t<\/div>\n\t\t\t\t\t\t\t\t\t<\/div>\n\t\t\t\t\t\t\t\t\t\t\t<div class=\"swiper-slide\">\n\t\t\t\t\t\t\t\t\t<div class=\"elementor-carousel-image\" role=\"img\" aria-label=\"Formaci\u00f3n para el empleo\" style=\"background-image: url(&#039;https:\/\/dipthylom.com\/wp-content\/uploads\/2021\/02\/pexels-fox-1595391-scaled.jpg&#039;)\">\n\n\t\t\t\n\t\t\t\t\t<\/div>\n\t\t\t\t\t<div class=\"elementor-carousel-image-overlay e-overlay-animation-fade\">\n\t\t\t\tFormaci\u00f3n para el empleo\t\t\t<\/div>\n\t\t\t\t\t\t\t\t\t<\/div>\n\t\t\t\t\t\t\t\t\t\t\t<div class=\"swiper-slide\">\n\t\t\t\t\t\t\t\t\t<div class=\"elementor-carousel-image\" role=\"img\" aria-label=\"Soluciones para empresas\" style=\"background-image: url(&#039;https:\/\/dipthylom.com\/wp-content\/uploads\/2021\/02\/work-5382501_1280.jpg&#039;)\">\n\n\t\t\t\n\t\t\t\t\t<\/div>\n\t\t\t\t\t<div class=\"elementor-carousel-image-overlay e-overlay-animation-fade\">\n\t\t\t\tSoluciones para empresas\t\t\t<\/div>\n\t\t\t\t\t\t\t\t\t<\/div>\n\t\t\t\t\t\t\t\t\t\t\t<div class=\"swiper-slide\">\n\t\t\t\t\t\t\t\t\t<div class=\"elementor-carousel-image\" role=\"img\" aria-label=\"Preparaci\u00f3n Oposiciones\" style=\"background-image: url(&#039;https:\/\/dipthylom.com\/wp-content\/uploads\/2021\/01\/oposiciones-publicidad-completa.gif&#039;)\">\n\n\t\t\t\n\t\t\t\t\t<\/div>\n\t\t\t\t\t<div class=\"elementor-carousel-image-overlay e-overlay-animation-fade\">\n\t\t\t\tPreparaci\u00f3n de Oposiciones\t\t\t<\/div>\n\t\t\t\t\t\t\t\t\t<\/div>\n\t\t\t\t\t\t\t\t\t<\/div>\n\t\t\t\t\t\t\t\t\t\t\t\t\t\t\t<div class=\"swiper-pagination\"><\/div>\n\t\t\t\t\t\t\t\t\t\t\t\t\t\t\t\t<div class=\"elementor-swiper-button elementor-swiper-button-prev\" role=\"button\" tabindex=\"0\">\n\t\t\t\t\t\t\t<i aria-hidden=\"true\" class=\"eicon-chevron-left\"><\/i>\t\t\t\t\t\t\t<span class=\"elementor-screen-only\">Anterior<\/span>\n\t\t\t\t\t\t<\/div>\n\t\t\t\t\t\t<div class=\"elementor-swiper-button elementor-swiper-button-next\" role=\"button\" tabindex=\"0\">\n\t\t\t\t\t\t\t<i aria-hidden=\"true\" class=\"eicon-chevron-right\"><\/i>\t\t\t\t\t\t\t<span class=\"elementor-screen-only\">Siguiente<\/span>\n\t\t\t\t\t\t<\/div>\n\t\t\t\t\t\t\t\t\t\t\t\t<\/div>\n\t\t<\/div>\n\t\t\t\t\t\t<\/div>\n\t\t\t\t<\/div>\n\t\t\t\t\t<\/div>\n\t\t<\/div>\n\t\t\t\t\t<\/div>\n\t\t<\/section>\n\t\t\t\t<\/div>\n\t\t","protected":false},"excerpt":{"rendered":"<p>IMAGEN WEB IMAGEN MULTIMEDIA IMAGEN ELECTRICIDAD IMAGEN DOCENCIA Nuestro centro de formaci\u00f3n\u00a0 esta acreditado\u00a0 por AENOR en calidad y gesti\u00f3n ambiental bajo las normas ISO 9001:2015 e ISO 14001:2015, para el alcance en la gesti\u00f3n del dise\u00f1o e impartici\u00f3n de formaci\u00f3n privada en las modalidades presencial, mixta y teleformaci\u00f3n y mediante aula virtual en las familias profesionales de: Administraci\u00f3n y gesti\u00f3n, Artes gr\u00e1ficas, Inform\u00e1tica y comunicaciones e Imagen y sonido. Resaltando con estas certificaciones el compromiso de esta entidad con la calidad y con la sostenibilidad. Estas certificaciones, llegan tras m\u00e1s de 10 a\u00f1os como entidad proveedora de formaci\u00f3n, reconociendo el trabajo y esfuerzo por una formaci\u00f3n de calidad. Formaci\u00f3n privada con descuento del 40% Formaci\u00f3n para el empleo Soluciones para empresas Preparaci\u00f3n de Oposiciones Anterior Siguiente<\/p>\n","protected":false},"author":2,"featured_media":0,"parent":0,"menu_order":0,"comment_status":"closed","ping_status":"closed","template":"","meta":{"footnotes":""},"class_list":["post-235","page","type-page","status-publish","hentry"],"_links":{"self":[{"href":"https:\/\/dipthylom.com\/index.php\/wp-json\/wp\/v2\/pages\/235","targetHints":{"allow":["GET"]}}],"collection":[{"href":"https:\/\/dipthylom.com\/index.php\/wp-json\/wp\/v2\/pages"}],"about":[{"href":"https:\/\/dipthylom.com\/index.php\/wp-json\/wp\/v2\/types\/page"}],"author":[{"embeddable":true,"href":"https:\/\/dipthylom.com\/index.php\/wp-json\/wp\/v2\/users\/2"}],"replies":[{"embeddable":true,"href":"https:\/\/dipthylom.com\/index.php\/wp-json\/wp\/v2\/comments?post=235"}],"version-history":[{"count":94,"href":"https:\/\/dipthylom.com\/index.php\/wp-json\/wp\/v2\/pages\/235\/revisions"}],"predecessor-version":[{"id":1053,"href":"https:\/\/dipthylom.com\/index.php\/wp-json\/wp\/v2\/pages\/235\/revisions\/1053"}],"wp:attachment":[{"href":"https:\/\/dipthylom.com\/index.php\/wp-json\/wp\/v2\/media?parent=235"}],"curies":[{"name":"wp","href":"https:\/\/api.w.org\/{rel}","templated":true}]}}