{"id":497,"date":"2021-02-01T10:41:08","date_gmt":"2021-02-01T10:41:08","guid":{"rendered":"https:\/\/dipthylom.com\/?page_id=497"},"modified":"2021-02-01T22:39:19","modified_gmt":"2021-02-01T22:39:19","slug":"formacion-para-el-empleo","status":"publish","type":"page","link":"https:\/\/dipthylom.com\/index.php\/formacion\/formacion-para-el-empleo\/","title":{"rendered":"Formaci\u00f3n para el empleo"},"content":{"rendered":"\t\t<div data-elementor-type=\"wp-page\" data-elementor-id=\"497\" class=\"elementor elementor-497\" data-elementor-post-type=\"page\">\n\t\t\t\t\t\t<section class=\"elementor-section elementor-top-section elementor-element elementor-element-b77ff99 elementor-section-boxed elementor-section-height-default elementor-section-height-default\" data-id=\"b77ff99\" data-element_type=\"section\" data-e-type=\"section\">\n\t\t\t\t\t\t<div class=\"elementor-container elementor-column-gap-default\">\n\t\t\t\t\t<div class=\"elementor-column elementor-col-100 elementor-top-column elementor-element elementor-element-17f5343\" data-id=\"17f5343\" data-element_type=\"column\" data-e-type=\"column\">\n\t\t\t<div class=\"elementor-widget-wrap elementor-element-populated\">\n\t\t\t\t\t\t<div class=\"elementor-element elementor-element-14020f2 elementor-widget elementor-widget-text-editor\" data-id=\"14020f2\" data-element_type=\"widget\" data-e-type=\"widget\" data-widget_type=\"text-editor.default\">\n\t\t\t\t<div class=\"elementor-widget-container\">\n\t\t\t\t\t\t\t\t\t<p align=\"justify\">Como su nombre indica la Formaci\u00f3n Subvencionada es una <strong>Formaci\u00f3n Gratuita<\/strong>\u00a0y\u00a0<strong>Certificada por un Organismo Oficial<\/strong>, donde pueden ser beneficiario tanto Trabajadores <strong>Desempleados\u00a0<\/strong>como\u00a0<strong>Ocupados<\/strong>, a trav\u00e9s de las <strong>Comunidades Aut\u00f3nomos<\/strong> o del Servicio P\u00fablico de Empleo Estatal (<strong>SEPE<\/strong>) con la colaboraci\u00f3n de la Fundaci\u00f3n Tripartita y del Fondo Social Europeo.<\/p><p align=\"justify\">Tambi\u00e9n\u00a0<strong>las Empresas que as\u00ed lo deseen<\/strong>\u00a0podr\u00e1n\u00a0<strong>beneficiar\u00a0<\/strong>a <strong>sus<\/strong>\u00a0<strong>Trabajadores\u00a0<\/strong>con est\u00e1 modalidad de <strong>Formaci\u00f3n Gratuita.<\/strong><\/p><p align=\"justify\">En este apartado hablamos de la\u00a0<strong>Formaci\u00f3n para el Empleo.\u00a0<\/strong><span style=\"color: var( --e-global-color-text ); font-family: var( --e-global-typography-text-font-family ), Sans-serif; font-weight: var( --e-global-typography-text-font-weight ); letter-spacing: 0px;\">Nuestro centro de formaci\u00f3n privada, <\/span><strong style=\"color: var( --e-global-color-text ); font-family: var( --e-global-typography-text-font-family ), Sans-serif; letter-spacing: 0px;\">forma parte de la red de centros colaboradores de la Junta de Andaluc\u00eda y estamos acreditados por esta entidad, para impartir cursos con certificado de profesionalidad y programas de formaci\u00f3n para el empleo para trabajadores\u00a0 desempleados y ocupados.<\/strong><\/p><p align=\"justify\">Nuestro centro cuenta con la acreditaci\u00f3n en diferentes familias profesionales:<\/p><ul><li>Administraci\u00f3n y gesti\u00f3n<\/li><li>Artes gr\u00e1ficas<\/li><li>Comercio y marketing<\/li><li>Electricidad y electr\u00f3nica<\/li><li>Edificaci\u00f3n y obra civil<\/li><li>Formaci\u00f3n complementaria<\/li><li>Fabricaci\u00f3n mec\u00e1nica<\/li><li>Hosteler\u00eda y turismo<\/li><li>Inform\u00e1tica y comunicaciones<\/li><li>Imagen y sonido<\/li><li>Madera, mueble y corcho<\/li><li>Servicios socioculturales y a la comunidad.<\/li><\/ul><p align=\"justify\"><b>\u00bfQue son los Certificados de Profesionalidad?<\/b><\/p><p align=\"justify\">Los certificados de profesionalidad son el instrumento de\u00a0<b>acreditaci\u00f3n oficial<\/b>\u00a0de las cualificaciones profesionales del Cat\u00e1logo Nacional de Cualificaciones Profesionales en el \u00e1mbito de la administraci\u00f3n laboral. Se ordenan en 26 familias profesionales y tres niveles de cualificaci\u00f3n.<\/p><p align=\"justify\">Cada certificado acredita el\u00a0<b><strong>conjunto de competencias profesionales<\/strong><\/b><b>\u00a0<\/b>que capacitan para el desarrollo de una actividad laboral identificable en el sistema productivo, sin que ello constituya regulaci\u00f3n del ejercicio profesional.<\/p><p align=\"justify\">En sentido, cada certificado se corresponde con un perfil profesional estructurado en unidades de competencia.<\/p><p align=\"justify\">El certificado incluye la formaci\u00f3n asociada a dicho perfil, de manera que las unidades de competencia se asocian a m\u00f3dulos formativos, contempl\u00e1ndose tambi\u00e9n un M\u00f3dulo de Formaci\u00f3n Pr\u00e1ctica en Centros de Trabajo.<\/p><p align=\"justify\"><b>Los certificados tienen car\u00e1cter oficial y validez en todo el territorio nacional<\/b>\u00a0y son expedidos por el SEPE y los \u00f3rganos competentes de las Comunidades Aut\u00f3nomas.<\/p><p align=\"justify\">Se obtienen a trav\u00e9s de dos v\u00edas:<\/p><ul><li><p align=\"justify\"><b><strong>Formaci\u00f3n formal<\/strong><\/b>:\u00a0superando todos los m\u00f3dulos correspondientes al certificado.<\/p><\/li><li><p align=\"justify\"><b><strong>Reconocimiento de la experiencia laboral<\/strong><\/b><b>\u00a0<\/b>a\u00a0v\u00edas no formales de formaci\u00f3n: cuando se haya obtenido el reconocimiento y la acreditaci\u00f3n de todas las unidades de competencia que componen el certificado.<\/p><\/li><\/ul><p align=\"justify\">A trav\u00e9s de la formaci\u00f3n en alternancia con el empleo, se pueden obtener los certificados de profesionalidad mediante los contratos para la formaci\u00f3n y el aprendizaje y la participaci\u00f3n en los programas de Escuelas Taller y Talleres de Empleo.<\/p><p align=\"justify\">Con la obtenci\u00f3n de un certificado profesional el trabajador acredita un conjunto de competencias que son valoradas en el mercado laboral.<\/p><p align=\"justify\">Las\u00a0<b>ventajas<\/b>\u00a0de la formaci\u00f3n conducente a la obtenci\u00f3n de un certificado de profesionalidad son:<\/p><ul><li><p align=\"justify\">La obtenci\u00f3n de una cualificaci\u00f3n profesional basada en un referente reconocido a nivel laboral y formativo v\u00e1lido en todo el territorio nacional.<\/p><\/li><li><p align=\"justify\">La conexi\u00f3n de la formaci\u00f3n te\u00f3rico-pr\u00e1ctica recibida con la realidad y las necesidades laborales.<\/p><\/li><li><p align=\"justify\">La posibilidad de realizaci\u00f3n de pr\u00e1cticas profesionales asociadas a la formaci\u00f3n recibida para aumentar la integraci\u00f3n del alumno en el mercado laboral.<\/p><\/li><li><p align=\"justify\">La flexibilidad de recibir la formaci\u00f3n completa de un certificado o de hacerlo m\u00f3dulo a m\u00f3dulo (son acreditables de forma Independiente y acumulables).<\/p><p align=\"justify\">\u00a0<\/p><\/li><\/ul><p align=\"justify\">Terminar un curso conducente a la obtenci\u00f3n de un certificado de profesionalidad hace que alrededor del 40 % de los alumnos encuentran trabajo relacionado con la materia del certificado en los tres meses siguientes a la finalizaci\u00f3n de la acci\u00f3n formativa. Este porcentaje puede llegar a ser del 70 % en sectores como el de la hosteler\u00eda.<\/p>\t\t\t\t\t\t\t\t<\/div>\n\t\t\t\t<\/div>\n\t\t\t\t\t<\/div>\n\t\t<\/div>\n\t\t\t\t\t<\/div>\n\t\t<\/section>\n\t\t\t\t<section class=\"elementor-section elementor-top-section elementor-element elementor-element-4427666 elementor-section-boxed elementor-section-height-default elementor-section-height-default\" data-id=\"4427666\" data-element_type=\"section\" data-e-type=\"section\">\n\t\t\t\t\t\t<div class=\"elementor-container elementor-column-gap-default\">\n\t\t\t\t\t<div class=\"elementor-column elementor-col-100 elementor-top-column elementor-element elementor-element-f1177a2\" data-id=\"f1177a2\" data-element_type=\"column\" data-e-type=\"column\">\n\t\t\t<div class=\"elementor-widget-wrap elementor-element-populated\">\n\t\t\t\t\t\t<div class=\"elementor-element elementor-element-1354fb4 elementor-widget elementor-widget-image\" data-id=\"1354fb4\" data-element_type=\"widget\" data-e-type=\"widget\" data-widget_type=\"image.default\">\n\t\t\t\t<div class=\"elementor-widget-container\">\n\t\t\t\t\t\t\t\t\t\t\t\t<figure class=\"wp-caption\">\n\t\t\t\t\t\t\t\t\t\t<img decoding=\"async\" width=\"300\" height=\"158\" src=\"https:\/\/dipthylom.com\/wp-content\/uploads\/2021\/02\/logotipo-junta-andalucia-300x158.png\" class=\"attachment-medium size-medium wp-image-550\" alt=\"logotipo Junta de Andaluc\u00eda\" srcset=\"https:\/\/dipthylom.com\/wp-content\/uploads\/2021\/02\/logotipo-junta-andalucia-300x158.png 300w, https:\/\/dipthylom.com\/wp-content\/uploads\/2021\/02\/logotipo-junta-andalucia.png 309w\" sizes=\"(max-width: 300px) 100vw, 300px\" \/>\t\t\t\t\t\t\t\t\t\t\t<figcaption class=\"widget-image-caption wp-caption-text\">Acreditado por la Junta de Andaluc\u00eda como centro colaborador<\/figcaption>\n\t\t\t\t\t\t\t\t\t\t<\/figure>\n\t\t\t\t\t\t\t\t\t<\/div>\n\t\t\t\t<\/div>\n\t\t\t\t\t<\/div>\n\t\t<\/div>\n\t\t\t\t\t<\/div>\n\t\t<\/section>\n\t\t\t\t<\/div>\n\t\t","protected":false},"excerpt":{"rendered":"<p>Como su nombre indica la Formaci\u00f3n Subvencionada es una Formaci\u00f3n Gratuita\u00a0y\u00a0Certificada por un Organismo Oficial, donde pueden ser beneficiario tanto Trabajadores Desempleados\u00a0como\u00a0Ocupados, a trav\u00e9s de las Comunidades Aut\u00f3nomos o del Servicio P\u00fablico de Empleo Estatal (SEPE) con la colaboraci\u00f3n de la Fundaci\u00f3n Tripartita y del Fondo Social Europeo. Tambi\u00e9n\u00a0las Empresas que as\u00ed lo deseen\u00a0podr\u00e1n\u00a0beneficiar\u00a0a sus\u00a0Trabajadores\u00a0con est\u00e1 modalidad de Formaci\u00f3n Gratuita. En este apartado hablamos de la\u00a0Formaci\u00f3n para el Empleo.\u00a0Nuestro centro de formaci\u00f3n privada, forma parte de la red de centros colaboradores de la Junta de Andaluc\u00eda y estamos acreditados por esta entidad, para impartir cursos con certificado de profesionalidad y programas de formaci\u00f3n para el empleo para trabajadores\u00a0 desempleados y ocupados. Nuestro centro cuenta con la acreditaci\u00f3n en diferentes familias profesionales: Administraci\u00f3n y gesti\u00f3n Artes gr\u00e1ficas Comercio y marketing Electricidad y electr\u00f3nica Edificaci\u00f3n y obra civil Formaci\u00f3n complementaria Fabricaci\u00f3n mec\u00e1nica Hosteler\u00eda y turismo Inform\u00e1tica y comunicaciones Imagen y sonido Madera, mueble y corcho Servicios socioculturales y a la comunidad. \u00bfQue son los Certificados de Profesionalidad? Los certificados de profesionalidad son el instrumento de\u00a0acreditaci\u00f3n oficial\u00a0de las cualificaciones profesionales del Cat\u00e1logo Nacional de Cualificaciones Profesionales en el \u00e1mbito de la administraci\u00f3n laboral. Se ordenan en 26 familias profesionales y tres niveles de cualificaci\u00f3n. Cada certificado acredita el\u00a0conjunto de competencias profesionales\u00a0que capacitan para el desarrollo de una actividad laboral identificable en el sistema productivo, sin que ello constituya regulaci\u00f3n del ejercicio profesional. En sentido, cada certificado se corresponde con un perfil profesional estructurado en unidades de competencia. El certificado incluye la formaci\u00f3n asociada a dicho perfil, de manera que las unidades de competencia se asocian a m\u00f3dulos formativos, contempl\u00e1ndose tambi\u00e9n un M\u00f3dulo de Formaci\u00f3n Pr\u00e1ctica en Centros de Trabajo. Los certificados tienen car\u00e1cter oficial y validez en todo el territorio nacional\u00a0y son expedidos por el SEPE y los \u00f3rganos competentes de las Comunidades Aut\u00f3nomas. Se obtienen a trav\u00e9s de dos v\u00edas: Formaci\u00f3n formal:\u00a0superando todos los m\u00f3dulos correspondientes al certificado. Reconocimiento de la experiencia laboral\u00a0a\u00a0v\u00edas no formales de formaci\u00f3n: cuando se haya obtenido el reconocimiento y la acreditaci\u00f3n de todas las unidades de competencia que componen el certificado. A trav\u00e9s de la formaci\u00f3n en alternancia con el empleo, se pueden obtener los certificados de profesionalidad mediante los contratos para la formaci\u00f3n y el aprendizaje y la participaci\u00f3n en los programas de Escuelas Taller y Talleres de Empleo. Con la obtenci\u00f3n de un certificado profesional el trabajador acredita un conjunto de competencias que son valoradas en el mercado laboral. Las\u00a0ventajas\u00a0de la formaci\u00f3n conducente a la obtenci\u00f3n de un certificado de profesionalidad son: La obtenci\u00f3n de una cualificaci\u00f3n profesional basada en un referente reconocido a nivel laboral y formativo v\u00e1lido en todo el territorio nacional. La conexi\u00f3n de la formaci\u00f3n te\u00f3rico-pr\u00e1ctica recibida con la realidad y las necesidades laborales. La posibilidad de realizaci\u00f3n de pr\u00e1cticas profesionales asociadas a la formaci\u00f3n recibida para aumentar la integraci\u00f3n del alumno en el mercado laboral. La flexibilidad de recibir la formaci\u00f3n completa de un certificado o de hacerlo m\u00f3dulo a m\u00f3dulo (son acreditables de forma Independiente y acumulables). \u00a0 Terminar un curso conducente a la obtenci\u00f3n de un certificado de profesionalidad hace que alrededor del 40 % de los alumnos encuentran trabajo relacionado con la materia del certificado en los tres meses siguientes a la finalizaci\u00f3n de la acci\u00f3n formativa. Este porcentaje puede llegar a ser del 70 % en sectores como el de la hosteler\u00eda. Acreditado por la Junta de Andaluc\u00eda como centro colaborador<\/p>\n","protected":false},"author":2,"featured_media":0,"parent":235,"menu_order":3,"comment_status":"closed","ping_status":"closed","template":"","meta":{"footnotes":""},"class_list":["post-497","page","type-page","status-publish","hentry"],"_links":{"self":[{"href":"https:\/\/dipthylom.com\/index.php\/wp-json\/wp\/v2\/pages\/497","targetHints":{"allow":["GET"]}}],"collection":[{"href":"https:\/\/dipthylom.com\/index.php\/wp-json\/wp\/v2\/pages"}],"about":[{"href":"https:\/\/dipthylom.com\/index.php\/wp-json\/wp\/v2\/types\/page"}],"author":[{"embeddable":true,"href":"https:\/\/dipthylom.com\/index.php\/wp-json\/wp\/v2\/users\/2"}],"replies":[{"embeddable":true,"href":"https:\/\/dipthylom.com\/index.php\/wp-json\/wp\/v2\/comments?post=497"}],"version-history":[{"count":17,"href":"https:\/\/dipthylom.com\/index.php\/wp-json\/wp\/v2\/pages\/497\/revisions"}],"predecessor-version":[{"id":667,"href":"https:\/\/dipthylom.com\/index.php\/wp-json\/wp\/v2\/pages\/497\/revisions\/667"}],"up":[{"embeddable":true,"href":"https:\/\/dipthylom.com\/index.php\/wp-json\/wp\/v2\/pages\/235"}],"wp:attachment":[{"href":"https:\/\/dipthylom.com\/index.php\/wp-json\/wp\/v2\/media?parent=497"}],"curies":[{"name":"wp","href":"https:\/\/api.w.org\/{rel}","templated":true}]}}

Formación para el empleo

<div data-elementor-type="wp-page" data-elementor-id="497" class="elementor elementor-497" data-elementor-post-type="page">
						<section class="elementor-section elementor-top-section elementor-element elementor-element-b77ff99 elementor-section-boxed elementor-section-height-default elementor-section-height-default" data-id="b77ff99" data-element_type="section" data-e-type="section">
						<div class="elementor-container elementor-column-gap-default">
					<div class="elementor-column elementor-col-100 elementor-top-column elementor-element elementor-element-17f5343" data-id="17f5343" data-element_type="column" data-e-type="column">
			<div class="elementor-widget-wrap elementor-element-populated">
						<div class="elementor-element elementor-element-14020f2 elementor-widget elementor-widget-text-editor" data-id="14020f2" data-element_type="widget" data-e-type="widget" data-widget_type="text-editor.default">
				<div class="elementor-widget-container">
									<p align="justify">Como su nombre indica la Formación Subvencionada es una <strong>Formación Gratuita</strong> y <strong>Certificada por un Organismo Oficial</strong>, donde pueden ser beneficiario tanto Trabajadores <strong>Desempleados </strong>como <strong>Ocupados</strong>, a través de las <strong>Comunidades Autónomos</strong> o del Servicio Público de Empleo Estatal (<strong>SEPE</strong>) con la colaboración de la Fundación Tripartita y del Fondo Social Europeo.</p><p align="justify">También <strong>las Empresas que así lo deseen</strong> podrán <strong>beneficiar </strong>a <strong>sus</strong> <strong>Trabajadores </strong>con está modalidad de <strong>Formación Gratuita.</strong></p><p align="justify">En este apartado hablamos de la <strong>Formación para el Empleo. </strong><span style="color: var( --e-global-color-text ); font-family: var( --e-global-typography-text-font-family ), Sans-serif; font-weight: var( --e-global-typography-text-font-weight ); letter-spacing: 0px;">Nuestro centro de formación privada, </span><strong style="color: var( --e-global-color-text ); font-family: var( --e-global-typography-text-font-family ), Sans-serif; letter-spacing: 0px;">forma parte de la red de centros colaboradores de la Junta de Andalucía y estamos acreditados por esta entidad, para impartir cursos con certificado de profesionalidad y programas de formación para el empleo para trabajadores  desempleados y ocupados.</strong></p><p align="justify">Nuestro centro cuenta con la acreditación en diferentes familias profesionales:</p><ul><li>Administración y gestión</li><li>Artes gráficas</li><li>Comercio y marketing</li><li>Electricidad y electrónica</li><li>Edificación y obra civil</li><li>Formación complementaria</li><li>Fabricación mecánica</li><li>Hostelería y turismo</li><li>Informática y comunicaciones</li><li>Imagen y sonido</li><li>Madera, mueble y corcho</li><li>Servicios socioculturales y a la comunidad.</li></ul><p align="justify"><b>¿Que son los Certificados de Profesionalidad?</b></p><p align="justify">Los certificados de profesionalidad son el instrumento de <b>acreditación oficial</b> de las cualificaciones profesionales del Catálogo Nacional de Cualificaciones Profesionales en el ámbito de la administración laboral. Se ordenan en 26 familias profesionales y tres niveles de cualificación.</p><p align="justify">Cada certificado acredita el <b><strong>conjunto de competencias profesionales</strong></b><b> </b>que capacitan para el desarrollo de una actividad laboral identificable en el sistema productivo, sin que ello constituya regulación del ejercicio profesional.</p><p align="justify">En sentido, cada certificado se corresponde con un perfil profesional estructurado en unidades de competencia.</p><p align="justify">El certificado incluye la formación asociada a dicho perfil, de manera que las unidades de competencia se asocian a módulos formativos, contemplándose también un Módulo de Formación Práctica en Centros de Trabajo.</p><p align="justify"><b>Los certificados tienen carácter oficial y validez en todo el territorio nacional</b> y son expedidos por el SEPE y los órganos competentes de las Comunidades Autónomas.</p><p align="justify">Se obtienen a través de dos vías:</p><ul><li><p align="justify"><b><strong>Formación formal</strong></b>: superando todos los módulos correspondientes al certificado.</p></li><li><p align="justify"><b><strong>Reconocimiento de la experiencia laboral</strong></b><b> </b>a vías no formales de formación: cuando se haya obtenido el reconocimiento y la acreditación de todas las unidades de competencia que componen el certificado.</p></li></ul><p align="justify">A través de la formación en alternancia con el empleo, se pueden obtener los certificados de profesionalidad mediante los contratos para la formación y el aprendizaje y la participación en los programas de Escuelas Taller y Talleres de Empleo.</p><p align="justify">Con la obtención de un certificado profesional el trabajador acredita un conjunto de competencias que son valoradas en el mercado laboral.</p><p align="justify">Las <b>ventajas</b> de la formación conducente a la obtención de un certificado de profesionalidad son:</p><ul><li><p align="justify">La obtención de una cualificación profesional basada en un referente reconocido a nivel laboral y formativo válido en todo el territorio nacional.</p></li><li><p align="justify">La conexión de la formación teórico-práctica recibida con la realidad y las necesidades laborales.</p></li><li><p align="justify">La posibilidad de realización de prácticas profesionales asociadas a la formación recibida para aumentar la integración del alumno en el mercado laboral.</p></li><li><p align="justify">La flexibilidad de recibir la formación completa de un certificado o de hacerlo módulo a módulo (son acreditables de forma Independiente y acumulables).</p><p align="justify"> </p></li></ul><p align="justify">Terminar un curso conducente a la obtención de un certificado de profesionalidad hace que alrededor del 40 % de los alumnos encuentran trabajo relacionado con la materia del certificado en los tres meses siguientes a la finalización de la acción formativa. Este porcentaje puede llegar a ser del 70 % en sectores como el de la hostelería.</p>								</div>
				</div>
					</div>
		</div>
					</div>
		</section>
				<section class="elementor-section elementor-top-section elementor-element elementor-element-4427666 elementor-section-boxed elementor-section-height-default elementor-section-height-default" data-id="4427666" data-element_type="section" data-e-type="section">
						<div class="elementor-container elementor-column-gap-default">
					<div class="elementor-column elementor-col-100 elementor-top-column elementor-element elementor-element-f1177a2" data-id="f1177a2" data-element_type="column" data-e-type="column">
			<div class="elementor-widget-wrap elementor-element-populated">
						<div class="elementor-element elementor-element-1354fb4 elementor-widget elementor-widget-image" data-id="1354fb4" data-element_type="widget" data-e-type="widget" data-widget_type="image.default">
				<div class="elementor-widget-container">
												<figure class="wp-caption">
										<img decoding="async" width="300" height="158" src="https://dipthylom.com/wp-content/uploads/2021/02/logotipo-junta-andalucia-300x158.png" class="attachment-medium size-medium wp-image-550" alt="logotipo Junta de Andalucía" srcset="https://dipthylom.com/wp-content/uploads/2021/02/logotipo-junta-andalucia-300x158.png 300w, https://dipthylom.com/wp-content/uploads/2021/02/logotipo-junta-andalucia.png 309w" sizes="(max-width: 300px) 100vw, 300px" />											<figcaption class="widget-image-caption wp-caption-text">Acreditado por la Junta de Andalucía como centro colaborador</figcaption>
										</figure>
									</div>
				</div>
					</div>
		</div>
					</div>
		</section>
				</div>

<p>Como su nombre indica la Formación Subvencionada es una Formación Gratuita y Certificada por un Organismo Oficial, donde pueden ser beneficiario tanto Trabajadores Desempleados como Ocupados, a través de las Comunidades Autónomos o del Servicio Público de Empleo Estatal (SEPE) con la colaboración de la Fundación Tripartita y del Fondo Social Europeo. También las Empresas que así lo deseen podrán beneficiar a sus Trabajadores con está modalidad de Formación Gratuita. En este apartado hablamos de la Formación para el Empleo. Nuestro centro de formación privada, forma parte de la red de centros colaboradores de la Junta de Andalucía y estamos acreditados por esta entidad, para impartir cursos con certificado de profesionalidad y programas de formación para el empleo para trabajadores  desempleados y ocupados. Nuestro centro cuenta con la acreditación en diferentes familias profesionales: Administración y gestión Artes gráficas Comercio y marketing Electricidad y electrónica Edificación y obra civil Formación complementaria Fabricación mecánica Hostelería y turismo Informática y comunicaciones Imagen y sonido Madera, mueble y corcho Servicios socioculturales y a la comunidad. ¿Que son los Certificados de Profesionalidad? Los certificados de profesionalidad son el instrumento de acreditación oficial de las cualificaciones profesionales del Catálogo Nacional de Cualificaciones Profesionales en el ámbito de la administración laboral. Se ordenan en 26 familias profesionales y tres niveles de cualificación. Cada certificado acredita el conjunto de competencias profesionales que capacitan para el desarrollo de una actividad laboral identificable en el sistema productivo, sin que ello constituya regulación del ejercicio profesional. En sentido, cada certificado se corresponde con un perfil profesional estructurado en unidades de competencia. El certificado incluye la formación asociada a dicho perfil, de manera que las unidades de competencia se asocian a módulos formativos, contemplándose también un Módulo de Formación Práctica en Centros de Trabajo. Los certificados tienen carácter oficial y validez en todo el territorio nacional y son expedidos por el SEPE y los órganos competentes de las Comunidades Autónomas. Se obtienen a través de dos vías: Formación formal: superando todos los módulos correspondientes al certificado. Reconocimiento de la experiencia laboral a vías no formales de formación: cuando se haya obtenido el reconocimiento y la acreditación de todas las unidades de competencia que componen el certificado. A través de la formación en alternancia con el empleo, se pueden obtener los certificados de profesionalidad mediante los contratos para la formación y el aprendizaje y la participación en los programas de Escuelas Taller y Talleres de Empleo. Con la obtención de un certificado profesional el trabajador acredita un conjunto de competencias que son valoradas en el mercado laboral. Las ventajas de la formación conducente a la obtención de un certificado de profesionalidad son: La obtención de una cualificación profesional basada en un referente reconocido a nivel laboral y formativo válido en todo el territorio nacional. La conexión de la formación teórico-práctica recibida con la realidad y las necesidades laborales. La posibilidad de realización de prácticas profesionales asociadas a la formación recibida para aumentar la integración del alumno en el mercado laboral. La flexibilidad de recibir la formación completa de un certificado o de hacerlo módulo a módulo (son acreditables de forma Independiente y acumulables).   Terminar un curso conducente a la obtención de un certificado de profesionalidad hace que alrededor del 40 % de los alumnos encuentran trabajo relacionado con la materia del certificado en los tres meses siguientes a la finalización de la acción formativa. Este porcentaje puede llegar a ser del 70 % en sectores como el de la hostelería. Acreditado por la Junta de Andalucía como centro colaborador</p>
